by k?
7
Let f = 53 - 45. Suppose 3*v + 115 = 8*v. Calculate the remainder when v is divided by f.
7
Suppose 5*g = 25, 0 = 5*d - 4*g - 5 + 20. Suppose 3*c - d = 5. What is the remainder when 2/(-8) + (-42)/(-8) is divided by c?
1
Suppose -31 = -z - 2. Let y be -1 + (-2)/((-2)/z). What is the remainder when 13 is divided by 0 - 0 - y/(-4)?
6
Let n = 7 + -4. Calculate the remainder when 25 is divided by n*(-1 + 10/3).
4
Let m(w) = w - 2. Let q be m(5). Suppose 3*x + 6*r - 30 = q*r, -3*x = 2*r - 25. Calculate the remainder when x is divided by 2.
1
Let k = 0 + -1. Let z = 0 - k. What is the remainder when 40 is divided by 14 - (z - (-1 - -2))?
12
Suppose 9*n - 13*n + 136 = 3*p, 0 = 4*n + 20. What is the remainder when 205 is divided by p?
49
Let j = -124 - -127. Suppose 2*y + 208 = 5*p, -p - 4*y - 56 = -2*p. Suppose -r + j*h = -p, 14 - 161 = -4*r - h. What is the remainder when r is divided by 13?
11
Suppose 4 = 3*t + t. What is the remainder when t is divided by 1?
0
Suppose 155 - 21 = 2*d. What is the remainder when d is divided by 35?
32
Let r = -13 - -10. What is the remainder when 33 is divided by r/(-9) - 52/(-6)?
6
Let o(k) = k**2 + 7*k + 10. Let j(b) = -b**3 + 4*b**2 - b + 5. Let c be j(4). Let s(q) = 19*q. What is the remainder when s(c) is divided by o(-7)?
9
Let d(s) = -6*s - 1. Suppose -57 + 187 = 2*k. What is the remainder when k is divided by d(-3)?
14
Let y = 108 + -67. Calculate the remainder when y is divided by 11.
8
Let b be (5/(-1))/((-5)/(-10)). What is the remainder when 22 is divided by ((-48)/15)/(4/b)?
6
Let a = 13 - 10. Suppose -a + 7 = b. Calculate the remainder when 1*5 + (0 - -2) is divided by b.
3
Suppose -7 + 42 = 5*z. Let j = 53 + -3. Suppose -2*y + 64 = 5*w, 3*y = -4*w + 2*y + j. Calculate the remainder when w is divided by z.
5
Let x be (28/(-8))/(1/2). Let j(u) = u**3 + 7*u**2 + 2. Suppose 5*i - 20 = 5*w, 5*i + 3*w - 4 = -0. What is the remainder when j(x) is divided by i?
0
Let p = 0 - 4. Let c = 15 + p. What is the remainder when 30 is divided by c?
8
Let w(a) = -6*a - 1. Suppose 5*v = -4*s - 175, -2*s + 132 = -5*s - 3*v. Let j = -13 - s. What is the remainder when j is divided by w(-2)?
10
Let g = -4 + 6. Suppose -a = -2*k - 27, g*a + k = 6*k + 54. Suppose -4*m + a = -25. What is the remainder when m is divided by 7?
6
Let u be 21/(-14) - 6/(-4). Suppose -t + 1 = -w, -2*t - 2 + u = -3*w. Calculate the remainder when 11 is divided by w.
3
Suppose -2 = -4*p + 14. Let f(d) = d. Calculate the remainder when 11 is divided by f(p).
3
Suppose 113 = 5*o - 102. Suppose 0 = -2*t + 22 + 8. Calculate the remainder when o is divided by t.
13
Suppose 3*m = 4*t + 19, -3*t + 5*t + 8 = 0. What is the remainder when 18 - 1/(m/2) is divided by 9?
7
Let q(r) = 9*r**2 + 2*r + 1. Let j(a) = -a**3 + 4*a**2 + 6*a - 6. Let t be j(5). Let o be q(t). What is the remainder when 18 is divided by 30/(-4)*o/(-6)?
8
Suppose -4*g - c = -2*c - 7, 0 = -2*c - 6. Let q = 3 - -4. Let t = -5 + q. What is the remainder when t is divided by g?
0
Let f be (131 + 1)*2/4. Let u = f + -94. Let q = -13 - u. Calculate the remainder when 28 is divided by q.
13
Let d(u) = u**2 + 8*u - 9. Let w be d(-9). Suppose w*y - 18 = -3*y. What is the remainder when 11 is divided by y?
5
Suppose -73 = -2*p - 3*j - 0*j, -5*p + 120 = -5*j. Let y = 25 - 15. Calculate the remainder when p is divided by y.
9
Let b = 110 + -108. What is the remainder when 4 is divided by b?
0
Suppose 4*n - 19 - 77 = 0. Calculate the remainder when n is divided by 9.
6
Let u be (1/1 - 1) + 2. Let i = 304 + -302. What is the remainder when u/(-9) + 58/18 is divided by i?
1
Calculate the remainder when 4 + -4 - -2 - -52 is divided by 7.
5
Let n(h) be the second derivative of h**4/4 + h**3/2 + h**2 + h. Suppose -m = 1, -2*u - 3*u + 3*m - 7 = 0. Calculate the remainder when 22 is divided by n(u).
6
Suppose 80 = 16*r - 11*r. Calculate the remainder when r is divided by 3.
1
Let o be 5 + (-1)/(-3)*3. Suppose 0 = -3*x - k + 52, -o*x = -3*x + 5*k - 44. Calculate the remainder when 52 is divided by x.
16
Suppose -5*t = c + 10 - 2, -4*c + 4*t + 40 = 0. Suppose -26 = -2*z + z. What is the remainder when z is divided by c?
5
Let u(w) = -w**2 - 7*w - 4. Let p = 2 + 3. Let b = p - 0. Calculate the remainder when b is divided by u(-6).
1
What is the remainder when (-102)/(-2) + 3/(4 + -5) is divided by 17?
14
Let j = -112 - -163. What is the remainder when j is divided by 13?
12
What is the remainder when (2 - 6/9)*30 is divided by 12/(-15)*2/(-4)*35?
12
Suppose 3*h + 30 = 3*q, -4*q + 20 = h - 5. Calculate the remainder when (q/2)/(3/6) is divided by 3.
1
Suppose 4*d - 7 = 1. Suppose -d*q + 245 = -13. What is the remainder when q is divided by 33?
30
Suppose 0 = -5*o - a + 4 + 13, -4 = -2*a. Suppose -o*u = -4*w - 70, -3*u - 4*w = -24 - 14. What is the remainder when u is divided by 11?
7
Let q(u) = u**2 - 4*u + 3. Let j = 14 + -10. Calculate the remainder when q(j) is divided by (-1)/(-3) + 15/9.
1
Let n(r) = 49*r - 3. Calculate the remainder when n(2) is divided by 24.
23
Suppose 0 = -2*j + 4*l + 88, j - 47 = 5*l + 6. What is the remainder when j is divided by 20?
18
Calculate the remainder when 25 is divided by 17 + (24/6)/(2 + -4).
10
Let l(d) = -d**2 - 6*d - 1. Let f be l(-7). Let b = -4 - f. Suppose 0 = i - t - 22, 7*i - b*i + 2*t = 61. Calculate the remainder when 40 is divided by i.
19
Suppose 3*h = -0 + 9. Calculate the remainder when h is divided by 2.
1
Suppose 0 = -3*w + 2*c + 3*c + 61, 0 = 4*w + 4*c - 92. Let h be 0 - ((-2)/(-2) + -5). Suppose -1 = -h*x + 47. Calculate the remainder when w is divided by x.
10
Let f = -10 - -21. Let r = -112 - -58. Calculate the remainder when f is divided by (-4)/18 - 390/r.
4
Let f(v) = -14*v - 5. Let s be f(-8). Suppose s = 4*n + 3. Calculate the remainder when n is divided by (6/(-4))/((-2)/12).
8
Let j be 0/(-4 - (2 + -5)). Suppose j = -2*k + 2*z + 38, 2*z + 2*z + 36 = 2*k. What is the remainder when k is divided by 7?
6
Let t = 5 + -2. Suppose -2*i - t*n = -2*n - 17, 3*i + n = 28. What is the remainder when i is divided by 4?
3
Calculate the remainder when 51 is divided by 2/14 - 166/(-14).
3
Let v be 1 + -2 - (1 + 38). Suppose 0 = 5*s + 25 + 280. Let n = v - s. Calculate the remainder when 62 is divided by n.
20
Let u = 61 + -59. What is the remainder when 7 is divided by u?
1
Let f(i) = -2*i - 8. Let x(z) = 10*z. Let s be x(-1). Let o = 2 + 3. What is the remainder when f(s) is divided by o?
2
Suppose -2*k + 2*w = -2 - 0, -k - 8 = -4*w. Calculate the remainder when 6 is divided by k.
2
Let s(w) = -3*w + 31. Calculate the remainder when 52 is divided by s(8).
3
Let n = 7 + -3. Let f = 94 - 87. Calculate the remainder when f is divided by n.
3
Let b(w) = 5*w - 4. Suppose -2 + 18 = 4*f. What is the remainder when 30 is divided by b(f)?
14
Let f(b) = b**3 + 14*b**2 - 15*b + 19. Let w be f(-15). Calculate the remainder when 44 is divided by 16/(1 - -3) + w.
21
Let v(k) = -k**2 - 13*k - 13. Let f = -63 - -98. What is the remainder when f is divided by v(-11)?
8
Suppose -4*c = -3*c. Let d(x) = 54*x**3 + 2*x**2 - 2*x + 1. Calculate the remainder when d(1) is divided by (c - -2)*(-76)/(-8).
17
Suppose 3*g + 22 = 5*g. Calculate the remainder when 20 is divided by g.
9
Suppose -6*d + 88 = -2*d. What is the remainder when d is divided by 13?
9
Let v = 2 + -15. Let i = 45 + v. Let c(m) = -18*m - 25. What is the remainder when i is divided by c(-2)?
10
Let y(p) = 6*p**3 - p**2 + 4*p - 3. Let n(u) = u**3 - 5*u**2 - 4*u + 5. What is the remainder when y(2) is divided by n(6)?
15
Let u(q) = -2*q + 5. Suppose -5*z = 4 - 29. Let t = z + 3. Calculate the remainder when u(-5) is divided by t.
7
Let x(v) = 87*v**2 + v + 1. Calculate the remainder when x(-1) is divided by 11.
10
Let d(c) = -38*c - 1. What is the remainder when d(-2) is divided by 19?
18
Suppose 2*s - 58 + 12 = 0. Calculate the remainder when 68 is divided by s.
22
Let s(i) = 11*i + 5. What is the remainder when 43 is divided by s(1)?
11
Suppose 2*u = 50 - 2. Let f = u + 4. Calculate the remainder when 82 is divided by f.
26
Let j be 35 - (-6)/3 - 3. Calculate the remainder when (-1 - -3)*j/4 is divided by 9.
8
Let w = -1 - 0. Let u(h) = -h**2 - h + 1. Let s = -52 + 54. Calculate the remainder when s is divi